tive of k**4/4 - 8*k**3/3 - 5*k**2/2 + 10*k + 500. Give l(9).
46
Let r(q) = q**2 + 8*q + 5. Let c be ((-288)/180)/((-2)/(-10) - 0). What is r(c)?
5
Let y(i) = -i**3 + i**2 - 2. Suppose 0 = -20*l + 8*l + 8*l. Suppose l = -a - 2*a. Determine y(a).
-2
Let l(h) = -6*h**3 - 6*h**2 + h - 4. Let n(g) = g**2 - g - 7. Let p be n(-3). Let s(j) = -j**3 - j**2 + j - 1. Let m(z) = p*s(z) - l(z). Calculate m(-3).
-31
Let x(n) = n - 1. Let k(i) = -3*i + 3. Let h(p) = 6*k(p) + 17*x(p). Let m be -2*(65/2)/(-5). Let r = m + -9. Determine h(r).
-3
Let r(y) = -47*y + 34. Let h be r(1). Let l(s) = -s - 5. Calculate l(h).
8
Let t(a) = 2*a**2 - a. Let v(g) = -8*g + 14 + 8*g - 2*g + 29. Let h be v(20). What is t(h)?
15
Let d(y) = -32*y - 33*y + 127*y - 37*y - 34 - 26*y. Calculate d(-18).
-16
Let h(c) = -6 + 37*c + 2 - 43*c - 20*c. Calculate h(2).
-56
Let v(u) = 11*u**2 + 16*u + 1. Let p(h) = -13*h**2 - 17*h - 2. Let s(w) = 5*p(w) + 6*v(w). Determine s(-9).
-22
Let w(g) = -4*g**3 - 16*g**2 - 4*g + 3. Let s(q) = -2*q**3 - 9*q**2 - 2*q + 2. Let o(b) = 5*s(b) - 3*w(b). Give o(-2).
-7
Suppose -3*j + 2 = -4. Let v(i) = -i**3 - 14*i**2 + 17*i + 32. Let f be v(-15). Let h(k) = -2*k + 5*k - f*k - j*k. Calculate h(-6).
6
Suppose v - 105 = 5*j - 4*v, 0 = -5*j - v - 87. Let g = j + 18. Suppose 0 = -g*p - p - 3. Let o(z) = -5*z + 1. Determine o(p).
16
Let v(r) = -4*r - 13. Let i be v(-4). Let w(z) = z**3 - z - 23 + 3*z**i + 7 + 15. Determine w(-1).
-4
Let o be 24/(-36) - (-16)/6. Let c(a) be the first derivative of -9*a - 9 - a**o - 1 + 1. Determine c(-6).
3
Let q(b) = 4*b + 3 - 5 + 6 - 2*b. What is q(-3)?
-2
Let r be (9/4 - 0) + 3/(-12). Suppose 3*w = s - r + 26, 34 = 4*w - 2*s. Let c(g) = -g - 1. Let y(a) = 2. Let n(f) = -2*c(f) + y(f). Give n(w).
18
Let v(t) = t**3 - 5*t**2 - 6*t + 7. Suppose 0 = j + 6*j. Let w(z) = 12*z + 6. Let h be w(j). Calculate v(h).
7
Let f(g) = 9*g**2 - 5*g + 4. Let u(p) = 8*p**2 - 6*p + 5. Let l(y) = 5*f(y) - 4*u(y). Calculate l(-1).
14
Let d be (-2 + 1)*(1 - -4). Let c(t) be the third derivative of 5/24*t**4 + 1/120*t**6 + 0*t - 3*t**2 + 1/10*t**5 - 9 + 1/2*t**3. What is c(d)?
3
Let a(p) = -2*p - 15. Let y be a(-7). Let f(o) = -o**3 - 11*o**2 + 1. Let s be f(-11). Let h(g) = 10*g**3 + s + 0*g + g**2 + g + 1 - 1. Give h(y).
-9
Let n be 6/15 + 126/35. Suppose -3*y - 2*k = 4, -4*y + 3*k + 12 = -11. Let q(u) = n*u + u**3 - u + 4*u**2 - y*u. Determine q(-2).
6
Let f(o) = -o**2 + 93*o - 4 - 195*o + 97*o. Determine f(-3).
2
Let s(k) = 11*k + 15. Let y(t) = 6*t + 8. Let o(w) = 3*s(w) - 5*y(w). Let l be 2/27 - 25740/6318. What is o(l)?
-7
Let v(f) = -198*f - 2 + 15 - 199*f + 405*f. Give v(-3).
-11
Let h(l) = 5*l - 5. Let r(c) = -4*c + 4. Let f(z) = 5*h(z) + 6*r(z). Suppose -13*n - 62 = -23. Calculate f(n).
-4
Let c(m) = -3*m**3 - 2 + 4*m**3 + 3. Let s(d) = d**2 - 18*d + 16. Let k be s(1). Determine c(k).
0
Let d(b) = b**2 + 3*b + 2. Let l be 2 + 8/(-4) + 27. Let y = l + -30. What is d(y)?
2
Let z(n) = -11*n**3 + 47*n**2 - 62*n - 30. Let i(c) = 5*c**3 - 23*c**2 + 30*c + 14. Let t(y) = -13*i(y) - 6*z(y). What is t(-18)?
-2
Let s be -5 + -2 - (-27 - -14). Let y(o) = -o + 4. Calculate y(s).
-2
Let y(j) = j**3 - j**2 + 6. Let z be y(0). Let s(h) = 85*h**3 + 3*h - 7 + 0*h + 5*h**2 - 86*h**3 + h**2. Determine s(z).
11
Let a(l) be the first derivative of -l**4/4 - 3*l**3 - 9*l**2/2 - 4*l - 289. Calculate a(-7).
-39
Let r(n) be the second derivative of n**7/840 + n**6/24 + 7*n**5/60 + n**4/6 + 5*n**3 + 31*n. Let f(s) be the second derivative of r(s). Calculate f(-14).
4
Let n(q) be the first derivative of -q**2/2 - 7*q - 3. Let c(m) = m**2 - 6*m. Let f be c(6). Suppose 3*r + 0*h - h = f, 3*h = 0. Determine n(r).
-7
Let a be ((-24)/(-9) + -3)*(6 + -3). Let f(h) = -5*h**2 - 2*h - 1. Give f(a).
-4
Let k(l) = 5*l**2 + 0*l**2 + l - 9*l**2 + 5*l**2 - 3*l. Suppose y + 4*y = 3*g, 11 = 2*y + g. Calculate k(y).
3
Let z(m) = -m**3 + 3*m**2 + 7*m - 8. Let x(q) = 3*q**3 - 10*q**2 - 20*q + 24. Let n(p) = 3*x(p) + 8*z(p). Calculate n(6).
-16
Let f(x) = -2*x**3 + 36*x**2 + 41*x + 54. Let i(y) = y**3 - 17*y**2 - 20*y - 28. Let b(q) = 3*f(q) + 5*i(q). Calculate b(24).
-2
Let p(x) be the third derivative of x**6/720 - x**5/60 + 3*x**4/8 - 12*x**2. Let d(s) be the second derivative of p(s). Calculate d(-3).
-5
Let h(v) = -2*v**2. Let i(f) = 3*f**2. Let t(d) = 8*h(d) + 5*i(d). Give t(3).
-9
Let c(t) = t. Let i(z) be the first derivative of z**4/4 - 17*z**3/3 + 17*z**2/2 - 17*z + 1. Let p be i(16). Calculate c(p).
-1
Let w(c) = -1 - 14*c - 2 - 24*c + 2 + 35*c. Suppose 0 = 4*p + 2*s + 10, -6*s = -2*s + 4. Calculate w(p).
5
Let w(l) = 3*l**2 + 2*l - 3. Let j = -710 - -712. Determine w(j).
13
Let j be (12 - -1)/(6/6). Let m = j + -19. Let t(g) = -g**3 - g**2 - g. Let y(v) = 2*v**3 - 4*v**2 - 5*v - 7. Let o(a) = -3*t(a) - y(a). Calculate o(m).
-5
Let p(m) be the third derivative of m**8/20160 - m**7/630 + m**6/120 - m**5/5 - 5*m**2. Let f(b) be the third derivative of p(b). What is f(6)?
-6
Let n be 5*3/6*2. Suppose -u = 5*r - 3*r - 1, -r + 5 = 2*u. Let o(j) = 0*j - 4 + 1 + 8*j**2 + j**u - 14*j**2 + 4*j. Give o(n).
-8
Let g(y) = -y**3 + y**2 - y - 1. Let d = 2 + 4. Let q(c) = -2*c**3 - 28*c**2 - c - 12. Let j be q(-14). Suppose j*v + v = d. Determine g(v).
-7
Let d(h) = -h**3 + 11*h**2 + 7*h + 57. Let t be d(12). Let b(p) = p**3 + 3*p**2 + 5*p + 3. Give b(t).
-12
Let n(d) be the first derivative of -d**2/2 + 2*d + 43. Determine n(4).
-2
Let m(n) = -12*n + 27 - 13*n - 21 + 26*n. Determine m(5).
11
Let n be ((-3)/6)/((-6)/(-360)). Let a be 9/6*n/(-9). Let h(q) be the third derivative of -q**4/24 + 2*q**3/3 + q**2. Give h(a).
-1
Let b be (-2)/(-5) - ((-868)/(-70) - 10). Let p(t) = -3*t**2 + 3*t + 3. Determine p(b).
-15
Let f(s) = -2*s. Let d = 18 + -20. Let t be 23 - (-1)/d*0. Let k = t - 22. Give f(k).
-2
Let t(n) = -n + 4. Let v(i) = i**2 + 17*i - 27. Let q be v(-19). What is t(q)?
-7
Let y(x) be the third derivative of 1/6*x**3 + 13/120*x**6 + 0*x + 0*x**4 - 1/30*x**5 + 0 + 13*x**2. What is y(1)?
12
Suppose 2*k = 4, 4*x - 2*k = 3*k - 2. Let p(m) = m + 1 - 2*m**2 + m**x + 0*m. Give p(-2).
-5
Let p(n) = 4*n**2 - 8*n - 7. Let u(b) = b**2 - b. Let c(d) = -p(d) + 3*u(d). Determine c(6).
1
Suppose 10 = 5*r - 4*r. Suppose 0 = -3*v - 3*o + 21, 3*v - 3*o = 38 - 17. Let p = r - v. Let s(w) = -w**2 + 7*w - 2. Calculate s(p).
10
Let l(q) = q**3 - 11610*q**2 + 11616*q**2 - 3 + 0*q - 5*q. Determine l(-6).
27
Let m(a) = a**2 - 11*a + 4. Suppose -u - 320 = -9*u. Let b be 1/(44/u + -1). What is m(b)?
-6
Let l(t) = t**3 - t**2 - t. Let b(j) = -2*j**3 + 5*j**2 + 4*j + 6. Let r(y) = b(y) + 5*l(y). Let w(k) be the first derivative of r(k). Calculate w(1).
8
Let k(c) be the second derivative of c**3/6 - 11*c**2/2 + 36*c. Calculate k(9).
-2
Let j(h) be the first derivative of -h**4/4 - 4*h**3/3 - 3*h**2/2 - 5*h - 2. Let a(d) = -9*d - 247. Let g be a(-27). Calculate j(g).
7
Let q(a) = a**2 + 4*a + 1. Let s be q(-9). Let z(i) = -43 - 2*i - s + 89. Determine z(-2).
4
Let r(h) be the first derivative of -h**4/4 - 10*h**3/3 + 11*h**2/2 - 5*h + 315. Give r(-11).
-5
Let a(t) = t**3 + 11*t**2 + 2*t + 14. Suppose -4*m - 25 = -f, 37 = -4*f + 4*m + 89. Suppose 5*l = -g - 35 - 16, l - f = -5*g. Determine a(l).
-8
Let l(u) = 6*u + 13*u + 4*u + 8 - 25*u. Give l(12).
-16
Suppose -2*k + 15 = 3*h, 1 = -5*k - 2*h + 11. Let q(c) = 1 - 8 - c + 2*c + k. Calculate q(6).
-1
Let m(z) = -7*z**3 - z**2 + z - 1. Suppose 0 = -3*a + 4*d - 25, -a - a = -d + 10. Let t = -2 - a. Give m(t).
-8
Suppose -x + 3*s = -8, -x - 4*x + 4*s - 15 = 0. Let f = -4 - x. Suppose 3*h - 21 = -f*z, z + 5*h = -0*z + 27. Let g(p) = 2*p**3 - 2*p**2 - 2*p. Calculate g(z).
4
Suppose -2*w - 12 = -4*w. Suppose -11*x = -13*x + w. Let t(s) = 5 - 4 - 2 - 5*s**2 - s**x - 4*s + 2. What is t(-3)?
-5
Let u(o) = -2*o**3 + o**2 + 3*o + 1. Let k be u(2). Let q(a) = 8*a**3 + 2 - 2*a**3 + a - 5*a**2 - 7*a**3. What is q(k)?
-3
Let r = 61 - 58. Suppose 2 = -r*u - 1. Let w(n) = 8*n**3 + 1. Calculate w(u).
-7
Let f be (-4)/32 - (-41)/8. Suppose -f*r = -8*r. Let a(h) = -18 + r*h + h + 32 - 15. Determine a(-4).
-5
Let y(a) = -a**3 - 2*a**2 + 2*a + 4. Let d be y(-3). Let n = d + -3. Let h(o) = 2*o**2 - 3 - n + 6*o - 3 + 7. Give h(-5).
17
Let x(m) = 5*m**2 + 4. Let p(j) = -6*j**2 + j - 5